is the highest common divisor of 1088 and 391?
17
Calculate the highest common divisor of 28 and 1022.
14
Calculate the highest common factor of 772 and 20.
4
Calculate the highest common factor of 3438 and 36.
18
What is the highest common factor of 90 and 1305?
45
What is the greatest common factor of 12 and 24?
12
What is the highest common divisor of 5 and 455?
5
Calculate the greatest common factor of 476 and 748.
68
Calculate the greatest common factor of 62 and 279.
31
What is the highest common divisor of 66 and 99?
33
Calculate the greatest common factor of 45 and 3951.
9
What is the highest common factor of 1547 and 476?
119
What is the highest common factor of 146 and 1606?
146
Calculate the highest common factor of 432 and 80.
16
Calculate the highest common divisor of 4008 and 48.
24
Calculate the highest common factor of 4092 and 248.
124
Calculate the highest common factor of 20 and 1680.
20
What is the greatest common factor of 84 and 2868?
12
Calculate the highest common divisor of 259 and 21.
7
Calculate the greatest common factor of 12 and 150.
6
Calculate the highest common factor of 7260 and 90.
30
What is the greatest common factor of 123 and 1681?
41
What is the highest common factor of 221 and 34?
17
What is the greatest common factor of 7 and 5026?
7
Calculate the greatest common factor of 3348 and 72.
36
What is the highest common divisor of 68 and 372?
4
What is the greatest common divisor of 6357 and 39?
39
What is the greatest common factor of 14 and 42?
14
Calculate the highest common divisor of 48 and 41328.
48
What is the highest common divisor of 931 and 38?
19
What is the highest common factor of 14522 and 548?
274
What is the greatest common factor of 64 and 4?
4
What is the highest common factor of 148 and 259?
37
What is the highest common divisor of 105 and 8295?
105
Calculate the highest common factor of 126 and 7.
7
Calculate the highest common factor of 186 and 18.
6
What is the highest common divisor of 165 and 15?
15
What is the highest common factor of 192 and 288?
96
Calculate the highest common divisor of 33 and 88.
11
Calculate the highest common factor of 81 and 27.
27
What is the greatest common divisor of 211 and 41567?
211
What is the highest common divisor of 913 and 1328?
83
Calculate the highest common divisor of 8 and 52.
4
What is the highest common divisor of 248 and 5270?
62
Calculate the highest common factor of 52307 and 19.
19
What is the greatest common divisor of 4 and 2888?
4
What is the highest common divisor of 2563 and 33?
11
What is the greatest common divisor of 51 and 187?
17
What is the greatest common divisor of 211 and 97271?
211
What is the greatest common factor of 90 and 1035?
45
What is the greatest common divisor of 5805 and 135?
135
Calculate the greatest common divisor of 128 and 2528.
32
Calculate the highest common factor of 17051 and 59.
59
Calculate the greatest common factor of 4248 and 360.
72
Calculate the highest common factor of 80 and 220.
20
What is the highest common divisor of 152 and 494?
38
Calculate the highest common factor of 925 and 2035.
185
Calculate the greatest common factor of 48 and 102.
6
What is the greatest common factor of 11234 and 274?
274
Calculate the greatest common factor of 8088 and 216.
24
What is the highest common factor of 816 and 960?
48
Calculate the highest common factor of 1 and 11.
1
What is the greatest common factor of 28 and 9562?
14
What is the highest common factor of 250 and 53125?
125
Calculate the greatest common factor of 390 and 10.
10
Calculate the greatest common divisor of 55 and 5.
5
What is the greatest common factor of 2200 and 143?
11
What is the greatest common factor of 36 and 5604?
12
Calculate the highest common divisor of 361 and 931.
19
Calculate the greatest common factor of 1035 and 90.
45
Calculate the greatest common divisor of 3047 and 220.
11
Calculate the highest common divisor of 700 and 28.
28
Calculate the highest common factor of 36 and 18.
18
What is the highest common factor of 164 and 451?
41
Calculate the highest common factor of 98 and 2450.
98
What is the highest common factor of 187 and 459?
17
Calculate the highest common divisor of 15 and 885.
15
Calculate the greatest common divisor of 6 and 3603.
3
What is the highest common divisor of 1530 and 5?
5
What is the highest common divisor of 2299 and 19?
19
Calculate the greatest common factor of 5 and 135.
5
Calculate the highest common factor of 828 and 36.
36
Calculate the greatest common divisor of 10 and 230.
10
What is the highest common divisor of 16 and 20?
4
Calculate the greatest common divisor of 231 and 165.
33
Calculate the highest common factor of 9 and 333.
9
Calculate the highest common factor of 261 and 18.
9
Calculate the highest common divisor of 154 and 9394.
154
What is the greatest common divisor of 4 and 3442?
2
What is the highest common divisor of 23 and 9913?
23
Calculate the highest common factor of 60 and 570.
30
Calculate the highest common factor of 23364 and 11.
11
What is the greatest common divisor of 369 and 11439?
369
What is the greatest common divisor of 1404 and 135?
27
Calculate the greatest common factor of 20 and 5.
5
Calculate the greatest common factor of 952 and 56.
56
Calculate the greatest common divisor of 1328 and 12284.
332
Calculate the greatest common divisor of 1364 and 22.
22
Calculate the greatest common divisor of 560 and 385.
35
Calculate the greatest common factor of 9082 and 266.
38
What is the greatest common factor of 18 and 70?
2
Calculate the highest common factor of 130503 and 41.
41
What is the greatest common divisor of 65 and 351?
13
Calculate the greatest common factor of 23 and 69.
23
What is the highest common factor of 220 and 132?
44
Calculate the greatest common divisor of 3078 and 152.
38
What is the highest common divisor of 1265 and 46?
23
What is the greatest common factor of 66 and 88?
22
What is the greatest common factor of 51 and 68?
17
Calculate the greatest common divisor of 1036 and 28.
28
Calculate the greatest common divisor of 64 and 16.
16
Calculate the greatest common factor of 3615 and 45.
15
Calculate the greatest common factor of 12504 and 24.
24
Calculate the greatest common divisor of 376 and 36.
4
Calculate the highest common divisor of 7785 and 180.
45
What is the greatest common factor of 58 and 2?
2
What is the greatest common divisor of 1200 and 2760?
120
What is the highest common divisor of 60 and 810?
30
What is the greatest common factor of 737 and 134?
67
Calculate the highest common divisor of 646 and 114.
38
What is the highest common factor of 57 and 152?
19
Calculate the highest common divisor of 10 and 2785.
5
What is the greatest common divisor of 1164 and 162?
6
Calculate the highest common factor of 69 and 1863.
69
Calculate the greatest common factor of 112 and 14.
14
Calculate the highest common factor of 20 and 380.
20
Calculate the greatest common divisor of 3220 and 98.
14
What is the greatest common divisor of 987 and 105?
21
What is the highest common divisor of 576 and 72?
72
What is the greatest common divisor of 218 and 6431?
109
What is the highest common factor of 6517 and 76?
19
What is the greatest common divisor of 128 and 480?
32
What is the highest common divisor of 1664 and 2048?
128
What is the highest common divisor of 144 and 1206?
18
What is the highest common factor of 208 and 160?
16
What is the greatest common divisor of 31 and 9083?
31
What is the highest common factor of 34 and 306?
34
What is the highest common divisor of 540 and 81?
27
Calculate the greatest common factor of 12 and 356.
4
Calculate the greatest common factor of 35 and 2520.
35
What is the highest common divisor of 245 and 35?
35
What is the greatest common divisor of 68 and 9316?
68
Calculate the highest common factor of 220 and 748.
44
What is the highest common factor of 164 and 1066?
82
Calculate the highest common factor of 308 and 484.
44
Calculate the greatest common factor of 198 and 1080.
18
What is the highest common factor of 460 and 368?
92
What is the highest common factor of 29 and 1363?
29
What is the greatest common factor of 8046 and 54?
54
Calculate the highest common factor of 14003 and 418.
209
What is t